*k**2 + 1546*k + 9520. Give h(-6).
-8
Let l(r) = -r**3 - 25*r**2 + 651*r + 16129. Determine l(-27).
10
Let d(r) = 41*r**2 - 10*r + 128. Calculate d(4).
744
Let t(v) = -4*v**3 + 5*v**2 - 37*v + 146. Give t(5).
-414
Let k(l) = 181*l**2 - 1366*l + 748. What is k(7)?
55
Let v(w) = 2*w**3 - 449*w**2 - 903*w - 1. Give v(-2).
-7
Let a(j) = 5*j**2 - 1512*j - 34976. What is a(324)?
16
Let z(l) = -3*l**3 - 708*l**2 - 2054*l + 10025. Calculate z(-233).
6
Let y(q) = -q**3 - 17*q**2 + 32*q + 104. What is y(-20)?
664
Let t(p) = p**3 + 130*p**2 + 255*p + 1532. Give t(-128).
1660
Let z(q) = -13944*q - 209151. What is z(-15)?
9
Let x(d) = -3*d**3 - 70*d**2 - 477*d - 940. Determine x(-7).
-2
Let f(z) = -96*z**2 + 2686*z + 44. Give f(28).
-12
Let a(o) = -6935*o + 47879. Give a(7).
-666
Let i(m) = m**3 + 285*m**2 + 7633*m + 394. Give i(-255).
4729
Let v(m) = m**3 + 223*m**2 + 691*m + 7023. Determine v(-220).
203
Let h(d) = -5*d**3 + 57*d**2 + 13*d - 140. Calculate h(11).
245
Let s(i) = -1103*i - 46337. Calculate s(-42).
-11
Let u(n) = -865*n - 10757. Give u(-12).
-377
Let v(s) = 72775*s + 218468. What is v(-3)?
143
Let q(b) = -51356*b + 410846. Determine q(8).
-2
Let r(v) = 8*v**2 + 1058*v + 6432. Determine r(-6).
372
Let v(q) = 3*q**2 + 1222*q - 221172. Give v(-543).
-171
Let r(c) = -3*c**3 - 21*c**2 + 5*c + 35. Give r(-7).
0
Let p(x) = x**3 + 610*x**2 - 160*x - 97621. Determine p(-610).
-21
Let p(g) = 362475*g + 2537307. Determine p(-7).
-18
Let i(k) = -2*k**2 - 1593*k - 263252. What is i(-234)?
-2
Let v(k) = k**3 + 2*k**2 + 285*k + 2615. Calculate v(-8).
-49
Let w(g) = 15*g**2 + 1056*g + 1045. What is w(-1)?
4
Let l(y) = 5074*y + 5383526. What is l(-1061)?
12
Let q(m) = -464*m**2 - 28302*m - 153. What is q(-61)?
-275
Let u(q) = -2*q**2 + 34380*q - 206205. What is u(6)?
3
Let c(j) = -3971*j - 27823. Calculate c(-7).
-26
Let y(x) = 2*x**3 + 94*x**2 - 57*x + 839. What is y(-48)?
-1033
Let u(n) = 6686*n + 287471. Determine u(-43).
-27
Let k(u) = u**3 + 108*u**2 + 706*u - 198. What is k(-101)?
-97
Let x(z) = 66*z**2 - 1177*z + 1377. What is x(17)?
442
Let p(c) = -37*c**3 - 3*c**2 + 18*c - 40. Calculate p(3).
-1012
Let h(w) = w**3 + 30*w**2 - 155*w + 3. Calculate h(5).
103
Let z(p) = p**3 + 10*p**2 - 30*p - 1696. Calculate z(10).
4
Let c(o) = 3502*o + 31497. What is c(-9)?
-21
Let d(c) = 6*c**3 - 97*c**2 + 778*c - 12185. What is d(16)?
7
Let c(w) = 146*w - 44710. What is c(308)?
258
Let b(j) = 489*j + 1456. Give b(-2).
478
Let s(r) = -2*r**2 - 816*r + 167380. Give s(150).
-20
Let l(x) = x**3 + 154*x**2 + 2029*x + 3902. What is l(-12)?
2
Let z(c) = 601*c**2 + 4706*c - 33. What is z(-8)?
783
Let d(g) = -2*g**3 - 93*g**2 - 851*g - 32. Give d(-34).
2
Let n(u) = 1312*u + 73466. What is n(-56)?
-6
Let m(r) = 47*r**2 + 4377*r - 3849. Determine m(-94).
5
Let d(c) = -2*c**3 - 89*c**2 + 26*c - 1174. Give d(-45).
-319
Let a(n) = -3*n**2 + 1997*n - 196201. Determine a(546).
-187
Let n(m) = -5*m**2 + 327*m - 488. Calculate n(64).
-40
Let z(l) = -11*l**2 + 272*l - 587. Calculate z(27).
-1262
Let u(t) = 179*t**2 - 452*t + 1845. Calculate u(4).
2901
Let y(k) = 6*k**2 + 36512*k - 329125. What is y(9)?
-31
Let j(m) = -2*m**3 + 186*m**2 - 29*m + 2706. Determine j(93).
9
Let r(h) = 86*h**2 + 2585*h + 549. Give r(-30).
399
Let z(u) = -1536*u**2 - 101157*u + 14450. Give z(-66).
-4
Let f(b) = -2*b**3 + 40*b**2 + 84*b + 157. What is f(22)?
69
Let d(k) = -350*k + 4112. Determine d(11).
262
Let x(u) = -138*u**2 - 11*u + 27. Calculate x(2).
-547
Let q(a) = a**3 - 553*a**2 + 1476*a + 395281. What is q(549)?
1
Let m(j) = 131*j - 1071. What is m(-5)?
-1726
Let p(i) = 133576*i - 1602903. Give p(12).
9
Let j(v) = 280*v + 2729. Calculate j(0).
2729
Let f(l) = 39*l**2 - 330*l - 984. Give f(-3).
357
Let h(q) = -9*q**2 + 164*q - 439. Give h(3).
-28
Let i(l) = 22*l**2 + 573*l + 1545. Give i(-23).
4
Let x(r) = 5*r**3 + 84*r**2 + 8*r + 408. Calculate x(-17).
-17
Let n(z) = -146*z**2 + 3492*z + 287. Determine n(24).
-1
Let g(o) = o**2 - 8788*o - 70360. Determine g(-8).
8
Let k(p) = 129*p**2 - 6046*p - 64866. Determine k(-9).
-3
Let q(y) = -208*y**2 + 37844*y + 2201. Calculate q(182).
17
Let q(p) = -13*p**3 - 5*p**2 + 15*p + 95. Give q(-6).
2633
Let x(k) = k**3 + 50*k**2 + 47*k + 155. What is x(-49)?
253
Let h(u) = -200*u + 13979. What is h(66)?
779
Let f(j) = -337*j + 10592. Determine f(33).
-529
Let a(d) = d**3 - 478*d**2 - 173276*d - 2245. Calculate a(719).
-88
Let a(u) = -3051615*u - 33567774. Give a(-11).
-9
Let b(z) = -25*z**2 + 4473*z - 322. What is b(179)?
-680
Let z(x) = -31*x**2 + 444*x + 526. Give z(17).
-885
Let d(x) = 6*x**3 - 2*x**2 + 249*x - 1350. Determine d(4).
-2
Let i(l) = -6206*l**2 + 37246*l - 55. Give i(6).
5
Let b(z) = -13*z**3 - 97*z**2 - 22*z - 640. Calculate b(-8).
-16
Let n(i) = -5443*i - 250488. What is n(-46)?
-110
Let o(l) = 7091*l - 99269. Give o(14).
5
Let b(t) = -3*t**2 + 209*t - 3430. What is b(20)?
-450
Let p(c) = -96*c - 9659. What is p(-76)?
-2363
Let j(w) = -29945*w**2 + 36*w. Give j(0).
0
Let d(a) = -2*a**3 - 46*a**2 - 58*a - 763. Calculate d(-23).
571
Let u(w) = 1963*w - 25512. Give u(13).
7
Let g(o) = -o**2 - 126*o + 2014. What is g(-141)?
-101
Let m(s) = -4*s**3 - 377*s**2 + 301*s + 114. Give m(-95).
-1406
Let w(t) = 2*t**2 + 1810*t + 110732. Determine w(-66).
-16
Let p(w) = -6*w**2 - 509*w + 2257. Give p(-89).
32
Let r(y) = -3*y**3 - 1644*y**2 + 3448*y + 988756. Determine r(-549).
7
Let a(b) = 3*b**3 - 230*b**2 - 41*b + 218. What is a(77)?
2990
Let a(i) = 7*i**2 - 261*i - 4564. Determine a(-13).
12
Let j(r) = 932*r - 27158. Determine j(29).
-130
Let c(g) = 294*g - 14168. Determine c(48).
-56
Let j(u) = -45*u**2 - 390*u + 1160. What is j(-11)?
5
Let m(v) = 8810*v + 237955. Calculate m(-27).
85
Let c(b) = -2887*b + 17202. Determine c(6).
-120
Let b(x) = -2*x**3 - 2361*x**2 + 15433*x + 2372. What is b(-1187)?
-2
Let s(q) = 104*q**2 - 302*q + 535. Calculate s(3).
565
Let a(w) = -4*w**3 + 35*w**2 - 61*w + 490. Calculate a(9).
-140
Let x(h) = -2*h**2 + 25*h + 123. Determine x(13).
110
Let j(c) = -16421*c + 509038. Determine j(31).
-13
Let o(x) = 265*x**2 + 150*x - 62. What is o(-2)?
698
Let n(m) = 4*m**2 + 826*m - 12846. Give n(-221).
-28
Let s(a) = 64914*a + 584205. What is s(-9)?
-21
Let l(m) = m**3 + 51*m**2 - 25*m - 56. What is l(-52)?
-1460
Let z(g) = -4436*g + 434702. Determine z(98).
-26
Let p(m) = -2*m**2 - 1203*m + 8433. Determine p(7).
-86
Let c(g) = -g**3 - 268*g**2 - 5422*g - 884. Determine c(-246).
1576
Let w(f) = f**3 + 597*f**2 - 981*f + 129979. Calculate w(-599).
-4
Let q(c) = 3499*c + 3210. Determine q(-1).
-289
Let v(a) = 3006*a - 4525. Give v(2).
1487
Let v(c) = -3*c**3 + 5219*c**2 + 6271*c + 1206520. What is v(1741)?
7
Let y(d) = -317*d**2 + 138546*d - 7434. Determine y(437).
-5
Let u(l) = 12*l**2 - 371*l - 269083. Calculate u(166).
3
Let v(y) = -y**3 - 17*y**2 + 406*y + 1398. Calculate v(-3).
54
Let a(o) = -2*o**2 - 471*o + 531423. Give a(411).
0
Let h(b) = -b**3 - 54*b**2 - 608*b + 61. Determine h(-38).
61
Let a(k) = -k**3 - 117*k**2 - 3246*k - 261. Determine a(-45).
9
Let t(j) = 2*j**2 - 15024*j + 269793. Determine t(18).
9
Let o(v) = -3*v**3 + 25*v**2 - 47*v - 46. What is o(7)?
-179
Let b(q) = 2*q**3 - 9*q**2 - 1727*q + 5212. Determine b(3).
4
Let r(s) = 9*s**2 - 24*s + 82. Give r(6).
262
Let q(k) = k**2 - 69*k - 71. Give q(36).
-1259
Let c(u) = -333*u**2 - 140175*u + 7572. Determine c(-421).
-6
Let r(a) = 25*a**2 - 936*a + 124. Calculate r(33).
-3539
Let o(d) = -3*d**2 + 24*d + 385. Give o(16).
1
Let r(p) = -p**2 - 1690*p - 711907. Calculate r(-891).
2
Let y(o) = 2*o**3 + 158*o**2 - 6*o + 12302. Determine y(-80).
-18
Let r(q) = -7941*q - 182552. Give r(-23).
91
Let b(m) = m**2 - 32*m - 211. Determine b(23).
-418
Let t(m) = -m**2 - 11360*m + 13719563. Determine t(1101).
2
Let b(z) = z**2 + 75736*z - 2272794. What is b(30)?
186
Let i(h) = -2*h**3 + 58*h**2 - 375*h + 17. What is i(10)?
67
Let s(r) = -1099*r**3 + r**2 + 22*r + 20. What is s(-1)?
1098
Let n(a) = -1073311*a + 46152377. What is n(43)?
4
Let g(b) = -36*b**2 + 578*b - 593. Calculate g(15).
-23
Let y(u) = -12904*u + 46119. What is y(4)?
-5497
Let r(c) = c**3 - 10*c**2 - 20120*c + 261260. Determine r(13).
207
Let g(z) = -z**3 - 6*z**2 + 80*z + 42. Give g(-12).
-54
Let i(k) = 654*k - 1